4
Let h = -3 + 9. Let l(x) = -x**3 + x**2 - x + 26. Let i be l(0). Let t = -8 + i. Calculate the greatest common factor of t and h.
6
Suppose 0*a - a = -24. Calculate the highest common factor of 16 and a.
8
Let g = -161 + 175. What is the highest common factor of 119 and g?
7
Let z be -1*0/3 + 0. Let j be z + 3 + 6/(-3). Suppose -s + j = -8. What is the highest common divisor of s and 1?
1
Suppose 0 = 4*h - 4*q - 40, 2*h - 40 = -2*h + 2*q. Calculate the highest common divisor of h and 80.
10
Let z be (-2 - -2)/((-10)/(-5)). Suppose -2*v + 6*v - 16 = z. Suppose 60 = 5*k - 5*b, 4*k - 77 + 29 = -3*b. Calculate the greatest common factor of v and k.
4
Suppose -436 = -5*i + 149. Let w = 36 + i. Suppose -g - 3 = -2*g, 4*f + 3*g - w = 0. What is the greatest common factor of 4 and f?
4
Suppose 0 = -3*k - 3*h + 108 - 27, k - 3*h = 35. What is the greatest common divisor of k and 116?
29
Let n(a) = -a**3 - 7*a**2 + 2*a + 16. Let i be n(-7). What is the greatest common factor of i and 2?
2
Let w = 6 - 8. Let i be (4/6)/(w/(-48)). Suppose -4*c + 4*d + 3 - 15 = 0, i = 4*d. What is the highest common factor of c and 1?
1
Suppose 4*x = -5*k + 26, 4*k - 5*x + 14 - 2 = 0. Suppose 10 + k = 2*a. Calculate the greatest common divisor of a and 3.
3
Suppose 4*s + 3*i = -5, 0*s + i = -3*s. Suppose 23 - 18 = c. Calculate the greatest common divisor of c and s.
1
Let l(f) = f**3 + 6*f**2 + 5*f. Let p be l(-4). Suppose -3*x - 3 = 2*b, 2*b - x - p = x. What is the highest common factor of b and 6?
3
Let c be ((-12)/15)/((-2)/15). Suppose -3*b - 3*z + 117 = -51, 0 = -4*b - 5*z + 226. What is the greatest common factor of b and c?
6
Let t = 834 - 524. Calculate the greatest common factor of 124 and t.
62
Suppose 7*y = 3*y + 32. Let x = 8 - 4. What is the highest common factor of y and x?
4
Let f = 38 + -36. Calculate the highest common factor of f and 14.
2
Let n(c) = 3*c + 24. Let u be n(-4). Calculate the greatest common factor of u and 15.
3
Suppose -2*h = -2*s, h - 20 = -4*s - 0*h. Suppose g = s*g - 6. Suppose -a - 21 = -g*n - 1, -4*a = 5*n - 37. What is the highest common divisor of 3 and n?
3
Let l(j) = -38*j. Let s be l(6). Let k be s/(-10) + 8/40. Let p = 35 - k. Calculate the highest common factor of 18 and p.
6
Suppose -112 = -3*q + 170. Calculate the highest common factor of q and 47.
47
Let m = 28 + -46. Let x be (-626)/m + 4/18. Let y be (-1908)/(-14) + (-10)/x. What is the greatest common divisor of 17 and y?
17
Let a(q) = 13*q + 1. Let v be a(2). Let z be 27/6 + (-3)/2. What is the highest common factor of v and z?
3
Let h(d) = -2*d**3 - 9*d**2 + 13. Let n be h(-6). What is the greatest common factor of 11 and n?
11
Let c be 2*(0 + -1)*-1. Suppose 5*d = 4*q + 24, 5*d - d - c*q - 18 = 0. Let y(t) = 3*t - 2. Let z be y(d). Calculate the greatest common divisor of 90 and z.
10
Let k = -5 + 12. Let n(q) = q**3 + q**2 + 28. Let a be n(0). Calculate the greatest common factor of k and a.
7
Let l(q) = q**2 - 12*q + 16. Let t be l(11). Suppose -2*s - s - 3 = 0, 67 = 2*x + t*s. What is the greatest common divisor of x and 12?
12
Let n(d) = d**2 - 13*d + 33. Let m be n(11). Suppose 5*r + 2*s - 1 = 0, -3*r + 4*s + 10 = -r. Calculate the highest common factor of m and r.
1
Suppose -588 - 396 = -4*n. Suppose w = 5*o - 512 + 110, 3*o = 3*w + n. Calculate the greatest common factor of o and 10.
10
Let i = 122 + -118. Suppose 5*m + 36 = y, 0 = -7*m + 3*m. What is the highest common divisor of i and y?
4
Let w(g) = g**2 - 5*g + 1. Let n be w(5). Let i(p) = p**3 + 1. Let s be i(-2). Let z = s + 14. What is the greatest common divisor of z and n?
1
Let c = -16 + 22. Suppose c*m - 480 = m. Suppose 2*v = -15 + 39. What is the highest common factor of v and m?
12
Let i(p) = p**2 - 4*p + 4. Let a be i(3). Let l be 3/1*1*a. Suppose 0 = -3*w + 4*w - 24. What is the greatest common factor of l and w?
3
Let a(m) = -m + 5. Let p = 6 + -10. Let l be a(p). What is the highest common factor of l and 1?
1
Let f be (-4)/14 - (-86)/7. Let t = -42 + 75. Suppose -2*r - 15 = 3*r, -5*y + r = -t. Calculate the highest common divisor of y and f.
6
Let x = -5 + 8. Suppose -8 = j - 5*o - 3, -4*j + 3*o = x. Suppose 0 = -4*g + 12, j = 5*h - 5*g + 27 - 92. Calculate the greatest common divisor of h and 16.
16
Suppose 3*n - 75 = -2*n. Calculate the greatest common divisor of 3 and n.
3
Let c = -3 + 2. Let x be 1 + -12 - (-2)/c. Let u = 21 + x. What is the greatest common factor of 2 and u?
2
Let f = 19 + -12. Let m be -1*(7*14)/(-2). What is the highest common factor of f and m?
7
Let h = -8 - -13. Suppose -2*j = -3*u + 12, 0 = h*u - 3 - 17. Let i be j + (19*6 - 2). What is the greatest common divisor of i and 16?
16
Let w = 3 - 2. Let q = w + 3. Suppose -3*z + 0 = -6, -q*z = -3*y + 19. What is the greatest common divisor of 6 and y?
3
Let h(s) = 8*s**2 + s. Let p be h(1). Let c be 6/p*-3 - -27. Suppose r + 4*t - 40 = -4*r, -c = 5*t. Calculate the highest common factor of r and 96.
12
Let u(d) = d**2 - 3*d - 6. Let y be u(5). Suppose l + 4 = 0, -b + 2*l - y + 31 = 0. What is the highest common factor of b and 19?
19
Suppose -5*t - 2 = -17. Let q(h) = h**3 - 2*h**2 - 3*h - 2. Let n be q(4). Let a = n - 12. Calculate the highest common factor of a and t.
3
Let a be (3 - 1)/(1/2). Let q(b) = b**3 - 6*b**2 + 4*b + 20. Let i be q(6). Calculate the highest common factor of a and i.
4
Let x be 3/9 - (-1943)/3. Suppose 2*h - 354 = -2*t, 5*h - 4*t - 228 = x. Let r be 32/2 + (-2 - -2). What is the highest common factor of r and h?
16
Suppose -2*k = 3*k + 5*o - 385, -2*o + 316 = 4*k. Calculate the highest common divisor of k and 9.
9
Let i be 10/(-60) - (-841)/6. What is the greatest common factor of 56 and i?
28
Let l = 5 + -9. Let b(z) = -9*z - 9. Let o be b(l). Calculate the greatest common divisor of o and 9.
9
Suppose 2*u = 2*h - 2*u - 44, 4*u - 4 = -h. Let a = h - 2. What is the highest common factor of 14 and a?
14
Let b(d) = 3*d - 11. Let k be b(5). What is the highest common factor of 36 and k?
4
Let b be (-22)/(-121) + (-4066)/(-22). What is the highest common factor of 74 and b?
37
Let w(o) = -o**3 + 6*o**2 - 4*o - 6. Let v be w(5). Let f be (0 + 18)*(3 - v). What is the highest common factor of f and 9?
9
Let v(s) = 19*s**3 + 1. Suppose n - 5 = p, -4*p - 1 = 3*n - 3*p. Let q be v(n). Calculate the highest common factor of 50 and q.
10
Let b = -479 + 758. What is the highest common divisor of 31 and b?
31
Let f(l) = 73*l + 13. Let c be f(5). Calculate the greatest common divisor of 42 and c.
42
Let n be (224/(-20))/(1/(-5)). Let x = 140 - n. Suppose x = 5*t - t. What is the greatest common divisor of 147 and t?
21
Let i be -1 + (-63*1)/(-3). Suppose -q + i = 5. Let c = 15 + 45. What is the highest common factor of q and c?
15
Suppose -15 = -2*r - 3*r. Suppose 2*a = -2*a + 12. Let j = 0 + a. What is the greatest common factor of j and r?
3
Let d = -28 - -8. Let q = d + 40. Let l = -34 + 39. Calculate the greatest common factor of l and q.
5
Let p(c) = c**3 - 8*c**2 + 2*c - 2. Let x be p(8). Calculate the greatest common factor of 98 and x.
14
Suppose 0*q - 4*q + 8 = 0. Let j be (2 + (0 - q))/(-2). Suppose j = -2*c + 18 + 92. What is the highest common divisor of 22 and c?
11
Let h(g) = -2*g + 3. Let d be h(-4). Let c = 46 + d. Suppose -c - 69 = -3*b. What is the greatest common factor of b and 6?
6
Let d be (-26)/(-10) + 9/(-15). Suppose -d*b = -4 - 4. Let w be (-25)/(-1)*b/10. Calculate the greatest common factor of w and 90.
10
Let y = 218 + -203. Calculate the greatest common factor of 60 and y.
15
Let z be (2/(-7))/(9/(-63)). What is the greatest common factor of 4 and z?
2
Let u be 2 - (2 + (-25 - -2)). Suppose 2*t - u = 5. What is the greatest common divisor of t and 28?
14
Let f be (80 - -1) + (1 - 2). Calculate the greatest common divisor of 32 and f.
16
Let j = 6 + 1. Let s(t) = -t**3 - 9*t**2 - t - 8. Let d be s(-9). Calculate the greatest common divisor of d and j.
1
Let o(x) = -x**3 - x + 1. Let v = -4 - -4. Let r be o(v). Suppose r = -y + 41. Calculate the highest common factor of y and 10.
10
Suppose 0 = -5*c + 58 + 167. Let o be (3 + -2)/(-1) + c. What is the highest common factor of 4 and o?
4
Let w be 1 + -1 - (1 + -1). Suppose 0 = -4*u - w*u + 12. What is the highest common fact